= -4*a. Suppose -j - 94 = -2*q - 6*j, 3*q - 141 = j. Calculate the remainder when q is divided by a.
11
Suppose 4*w + 3 = 4*g - 5, -2*g - 4*w - 20 = 0. Let s(o) be the first derivative of -9*o**2/2 - o - 5. What is the remainder when s(g) is divided by 6?
5
Suppose 3*x = -6, 0*f = -4*f - 4*x + 16. Let u(q) = -q**2 + 9*q - 1. Calculate the remainder when u(f) is divided by -2*(1 + 11/(-2)).
8
Let a(j) = -j**2 + j. Let b be a(4). Let z = b + 21. Let p(t) = -t**3 + 7*t**2 - 6*t + 1. What is the remainder when p(4) is divided by z?
7
Let t(q) = 25*q - 7. Calculate the remainder when t(2) is divided by 11.
10
Suppose d = 4 + 21. What is the remainder when d is divided by 7?
4
Let j be 1/4 + 21/12. Suppose -z - j*x = -5*z + 52, -4*x + 13 = z. Calculate the remainder when z is divided by 7.
6
Let x(y) = 34*y**2 + 5*y - 3. Calculate the remainder when 70 is divided by x(1).
34
Suppose -a + 12 = 1. Suppose 2*c = 9 + 1. Suppose -35 = -c*f + 3*l, -4*f = -3*l - 41 + 10. Calculate the remainder when a is divided by f.
3
Suppose -4*h + 233 = 45. Let q = -19 + h. What is the remainder when q is divided by (-2 + 17)/((-6)/(-4))?
8
Let g = -7 + 20. Calculate the remainder when 25 is divided by g.
12
Let x = 5 - -4. Calculate the remainder when x is divided by 3.
0
Let b be 24/10*(-5 + 10). Let n = b - 5. What is the remainder when n is divided by 2?
1
Let y(s) be the second derivative of s - 1/3*s**3 - 1/2*s**2 + 2/3*s**4 + 0. What is the remainder when y(2) is divided by 14?
13
Suppose 2*z = -4, -3*u + 6 = -4*z - 8. Suppose 0 = -u*s + 2 + 22. Let a = -1 + s. What is the remainder when 31 is divided by a?
9
Suppose 0 = 5*o + 2*u - 39 + 8, -3*o + u + 12 = 0. Calculate the remainder when (-600)/(-12)*(-4)/(-10) is divided by 37/o + 2/(-5).
6
Let d = 23 + -11. Suppose -2*p = -6*p + 188. What is the remainder when p is divided by d?
11
Let f(j) = -2*j - 5*j**3 + 1 + j**3 - j**3 - j**2 - j**3. What is the remainder when f(-2) is divided by 17?
15
Suppose 4*k - 15 = -3. Suppose -k*o - 2*o - 4*p = -82, -15 = -5*p. What is the remainder when 27 is divided by o?
13
Let a = 24 - 16. Let w be (6/(-7))/((-8)/56). Let d = 9 - w. Calculate the remainder when a is divided by d.
2
Suppose -4*o = 3*x - 69, 0 = -3*x + 5*x - 3*o - 63. Let i = x + -12. Calculate the remainder when 43 is divided by i.
13
Let g(m) = m**3 + m**2 - 7*m + 2. Let f = 1 + 8. What is the remainder when g(3) is divided by f?
8
Suppose 4*c + y - 3 = 0, 9 + 1 = -2*y. Suppose -o = -16 + c. What is the remainder when 41 is divided by o?
13
Let f = 3 + -4. Let m be f + 1 + (-2 - -10). Suppose m + 1 = b. What is the remainder when 25 is divided by b?
7
Let f = 55 - 37. Calculate the remainder when 33 is divided by f.
15
Suppose 50 = -0*b + 5*b. Suppose -4*c + 45 = c. Let h = c + -5. Calculate the remainder when b is divided by h.
2
What is the remainder when 1*(23 - (2 - 4)) is divided by 14?
11
What is the remainder when 17 is divided by ((-36)/(-15) - 2)*25?
7
Let w(k) = -7*k - 1. Suppose u - 3 = -3*f + 1, -3*f + 12 = -3*u. What is the remainder when 352/6 - u/(-3) is divided by w(-3)?
18
Let x = -5 + 28. Let c = -39 - -26. Let m = c + x. What is the remainder when m is divided by 4?
2
Let p = -1 + 2. Suppose m + 8*d + 10 = 3*d, -2*m + p = 3*d. Suppose -m*l + 10 = -40. Calculate the remainder when 29 is divided by l.
9
Let y(j) = 3*j - 14. Calculate the remainder when 40 is divided by y(12).
18
Let f(p) = p + 6. Let z be f(-3). Suppose 25 = z*v - 2. What is the remainder when ((-6)/v)/((-4)/150) is divided by 9?
7
Suppose 2*a + 124 = -4*j, 4*a - 67 = 3*j - a. Let l = j - -44. What is the remainder when 29 is divided by l?
14
Suppose -4*p + 0*p + 184 = 0. What is the remainder when p is divided by ((-1)/(1/12))/(-1)?
10
Let r = -6 - -9. Suppose 3*o + 4 = -3*v + 7*o, -o - 8 = -r*v. Let z(k) = -k + 1. Calculate the remainder when z(-10) is divided by v.
3
What is the remainder when ((-21)/(-14))/((-9)/(-222)) is divided by 8?
5
Suppose -41 = -5*j + 4. What is the remainder when 62 is divided by j?
8
Suppose 0 = -v + 5 - 3. Calculate the remainder when -2*(-3 + v) + 7 is divided by 3.
0
Let p(v) = v**3 - 2*v**2 + 2*v - 5. What is the remainder when p(3) is divided by 6?
4
Suppose -a - 1 + 0 = 0. Let q(j) = -22*j + 1. Suppose 2*u + 23 = 2*t - 7, 4*t + 3*u = 39. What is the remainder when q(a) is divided by t?
11
Suppose -343 = -3*s + 2*v - 6*v, -2*s = -v - 236. What is the remainder when s is divided by 40?
37
Suppose 5*v - 2*v + 10 = -2*y, v - 5*y - 8 = 0. Let g be (v/(-4))/(2/24). Calculate the remainder when 5 is divided by -3 - -4 - g/(-3).
2
Suppose 24 = -5*j + 4, -3*j + 38 = 5*o. Calculate the remainder when o is divided by 5.
0
Let f be 10 + 0/(4 - 1). Suppose -7*h = -f*h + 78. What is the remainder when 101 is divided by h?
23
Suppose 36 = y - 3*h, -h + 0*h + 88 = 3*y. Calculate the remainder when 58 is divided by y.
28
Suppose -3*k = -0*k + 99. Let j = k + 119. Calculate the remainder when j is divided by 29.
28
Let z = -4 + 16. Let p = 24 + -16. Let w = p - -14. Calculate the remainder when w is divided by z.
10
Let o be (-1)/((-15)/(-6) + -3). Suppose -p = 5, -o*p = 5*y - y + 10. Suppose -2*b + 3*b - 3 = y. Calculate the remainder when 7 is divided by b.
1
Suppose -280 = -4*f + 4*w, f - 210 = -2*f - 4*w. Suppose 0 = 3*l + 5*s - 79, 0 = -s - 5 + 10. Calculate the remainder when f is divided by l.
16
Suppose 5*k = -0*k + 85. Let s = -19 - -43. Let d = s - -9. What is the remainder when d is divided by k?
16
Suppose -4*j + w - 6*w = 563, -4*w = j + 127. Let o = -101 - j. What is the remainder when o is divided by 16?
14
Suppose 0 = 5*m - 9*m + 72. Calculate the remainder when m is divided by 8.
2
Suppose 8 = 5*d + 3*h - 173, d = -h + 37. Let s(a) = -12*a. Let q be (-1 - -3)/(-3 - -1). Calculate the remainder when d is divided by s(q).
11
What is the remainder when 39 is divided by 3/(12/(-4)) + 8?
4
Let h be -2 - 0/(-2) - -5. Suppose h*q - 223 = 281. Suppose 0 = 5*x - q - 127. What is the remainder when x is divided by 20?
19
Let r(s) = s**3 - 4*s**2 - 8*s - 4. Let j be r(6). Let z = j + -6. Let f(a) = a**2 - 5*a - 10. Calculate the remainder when f(9) is divided by z.
12
Suppose -4*h + 4*l = -56, -l - 21 - 5 = -2*h. Calculate the remainder when 50 is divided by h.
2
Let s(l) = l**3 - l**2 - l + 21. Suppose -2*o + o = 3*p + 7, -3*o + 3*p = -39. What is the remainder when s(0) is divided by o?
5
Suppose 3*s - 8 = -4*w - s, -4*s = 5*w - 5. What is the remainder when (2 + w/(-9))*12 is divided by 15?
13
Suppose 3*b - p - 298 = 0, -b + p + 76 = -4*p. What is the remainder when b is divided by 13?
10
Let i(u) = 9*u**2 + 4*u - 12. Calculate the remainder when i(4) is divided by 15.
13
Calculate the remainder when 32 is divided by 6/2 - (2 - 5).
2
Suppose -5 = 4*b + 7, -5*b = -3*j + 129. Calculate the remainder when j is divided by 13/((-1 + 2)*1).
12
Let l(x) = x - 3. Let z be l(-4). Let v = z + 5. Calculate the remainder when (v/(-4))/(4/104) is divided by 5.
3
Let s = 16 + -11. Suppose -3*w + 3*a - 2 + 20 = 0, 26 = 4*w - 5*a. Suppose 4*k + k = w*n - 18, 4 = 5*n + 3*k. What is the remainder when s is divided by n?
1
Let a = 109 + -70. Suppose -k - 1 = -2. Calculate the remainder when a is divided by 20 - (-1 + k)/2.
19
Let f(h) = h**2 + 15*h + 1. Let x be f(-13). Let q = -71 - -109. Let w = q + x. What is the remainder when 25 is divided by w?
12
Suppose 2*x - x - 2 = 0. Suppose 0 = -0*a - 2*a - 8. What is the remainder when 0/a - 1*-5 is divided by x?
1
Let r(c) = c**3 - 2*c + 11. What is the remainder when r(0) is divided by 6?
5
Let r be (2/(-4))/(2/36). Let u = 3 + r. What is the remainder when u/21 + 37/7 is divided by 2?
1
Suppose 5*r - 2*u = 88, 0*u + 3*u = 3*r - 60. What is the remainder when ((-3)/(-12))/(-1) + 605/20 is divided by r?
14
Let p(z) = 2*z**3 - 6*z**2 + 5. Calculate the remainder when p(4) is divided by 10.
7
Suppose r - 20 = -4*r. Suppose 0*j + r*n = 3*j, -5*j + 32 = 4*n. What is the remainder when 5 is divided by j?
1
Let s(t) = 0*t + 3*t - 10 - 4*t + 4*t. What is the remainder when s(5) is divided by 2?
1
Let s(t) = 27*t + 2. Calculate the remainder when s(4) is divided by 29.
23
Suppose d - 1 = -2*y - 9, 0 = 4*d - y + 23. Let s(j) = j + 7. What is the remainder when 2 is divided b